= -9 - -85. What is the remainder when l is divided by u?
4
Suppose 0 = w - 4*n - 79, -2*w + 26 + 132 = -3*n. Calculate the remainder when w + 0 + -1 + -2 is divided by 2/12 - (-3125)/150.
13
Let s = -243 - -1363. Calculate the remainder when s is divided by 59.
58
Suppose -2*u + 4*f = -274, -2*u + 5*f + 125 = -u. Calculate the remainder when u is divided by 18.
1
Calculate the remainder when 465 is divided by 41 - ((-70)/49*-7 + -9).
25
Let w be (-69)/2*-2 - -1. Suppose -5*c = 5*n - w, -4*n + 0*c = -2*c - 50. Suppose -2*x = -2*a, 7 = 5*x - n. What is the remainder when 19 is divided by a?
3
What is the remainder when 321 is divided by ((-4)/(-7))/(2/182)?
9
What is the remainder when 1614/(-9 + 12/(-6) + 14) is divided by 81?
52
Let w be (-2 - (-68)/16)*8*2. Suppose 5*s + 3*d + w = 627, -4*s = -2*d - 486. Suppose -2*q + 16 = -s. Calculate the remainder when q is divided by 35.
33
Let u = -692 + 698. What is the remainder when 62/(-372) - (-265)/u is divided by 40?
4
Let k = -293 - -288. What is the remainder when 33 is divided by k/325*-13 - 29/(-5)?
3
Let k(v) = -2*v**3 + 11*v**2 + 2*v - 45. What is the remainder when k(-7) is divided by 117?
113
Let x(v) = -14*v + 76*v**2 + 7 - 3*v + 11*v. What is the remainder when 613 is divided by x(1)?
74
Suppose 38*a - 21*a + 276 = 21*a. Calculate the remainder when 91 is divided by a.
22
Suppose -5*a - 4*l + 1964 = -0*a, 2*a = -4*l + 788. Let o = a + -377. Calculate the remainder when 15 is divided by o.
0
Let m(r) = 24*r - 87. Let s be m(4). Let o = 27 + s. Calculate the remainder when 104 is divided by o.
32
Let l(u) = 42*u - 1. Let i(d) = 5*d. Let g(k) = -51*i(k) + 6*l(k). Calculate the remainder when 147 is divided by g(-15).
30
Let f = -27 - -48. Suppose 0 = -3*i + a + 202, 4*i - 6*a - 276 = -3*a. Calculate the remainder when (5 + i/(-14))/(2/574) is divided by f.
19
What is the remainder when 130 is divided by 8/(-4) - (2 + -12)?
2
Suppose 3*p = 4*a + 623, -53*p - a = -52*p - 189. Calculate the remainder when p is divided by 149.
48
Let g(a) be the first derivative of a**4/4 + 16*a**3/3 + 13*a**2 - 16*a - 89. What is the remainder when 69 is divided by g(-14)?
9
Suppose 556 = 4*i - 0*i. Suppose 151*c = 49*c + 1512 - 288. Calculate the remainder when (-4)/(-6) + i/3 is divided by c.
11
Suppose -35*u + 56*u = 168. Calculate the remainder when 566 is divided by u.
6
Calculate the remainder when (-13 + 25 + -119)/(1880/628 + -3) is divided by 53.
51
Let i(d) = -13*d + 111. Let j be i(8). What is the remainder when 165 is divided by (-1 + 4 - 1)*j?
11
Let s = 14440 - 14209. What is the remainder when s is divided by 58?
57
Let v(c) = -c**3 + 38*c**2 - 83*c + 539. What is the remainder when v(36) is divided by 24?
23
Suppose -2*i - 4792 = -4*h, -4*i + 964 = h - 252. Suppose 44*p = 19*p + h. Calculate the remainder when 78 is divided by p.
30
Let f = 4081 - 3977. What is the remainder when f is divided by 16?
8
What is the remainder when 3984 is divided by (570/35)/((-126)/(-196) - (-2)/(-4))?
108
Let h be -1*((-32)/(-10))/((-7)/35). Suppose 3*d = -3*v + 141, 15*v - h*v + 2*d + 41 = 0. What is the remainder when v is divided by 18?
9
Let f(g) = 10*g**2 + 339 - 167 - 171. What is the remainder when 85 is divided by f(-1)?
8
Suppose 2*k + 3*f = 56, -12*k + 11*k + f = -33. Calculate the remainder when 1173 is divided by k.
26
Suppose 0 = -6*n - 16 + 28. Suppose 2*u - 30 = -5*a, 0 = -u + n - 7. Calculate the remainder when 109 is divided by a.
5
Let z = 6 - 5. Calculate the remainder when 68/12*(-1)/(z/(-12)) is divided by (12/9)/((80/276)/5).
22
Let a = 9 + -13. Let y be ((-20)/(-25))/(a/90). Let n = y - -37. Calculate the remainder when 36 is divided by n.
17
Let l be 2/(-4)*(2 + -2). Suppose 791 = 5*j + f, -2*j - 4*f + 7*f + 313 = l. Suppose j = 3*r - 94. Calculate the remainder when r is divided by 29.
26
Suppose 0 = 5*j - 3*w + 33 - 261, 3*j = -4*w + 102. What is the remainder when 39983 is divided by j?
41
Calculate the remainder when (-3)/(1/823*171/(-57)) is divided by 2.
1
Let u be (4/5)/(61/60 - 1). Let m = -46 + u. Suppose 2*q - 293 + 11 = m*i, -i = 5. What is the remainder when q is divided by 28?
24
Let t(q) = 2*q**2 - 51*q + 19. Suppose 2*a = 0, 290 = 3*y + 5*a - 499. What is the remainder when y is divided by t(26)?
38
Let s be (-215)/(-3) + 1/3 + 0. Let i = s - 72. Suppose 5*c - 9 - 166 = i. Calculate the remainder when c is divided by 9.
8
Let w(q) = q**2 + 4*q - 64. Let m be w(6). Let s(a) = 19*a + 170. What is the remainder when 289 is divided by s(m)?
7
Suppose -12 = -4*s, 427*s - 424*s + 21579 = 4*h. Calculate the remainder when h is divided by 54.
51
Let a(d) = -87*d + 6359. Calculate the remainder when 1777 is divided by a(68).
5
Let k(p) = 2*p**2 + 10*p + 1. Let x(r) = 8*r**2 + 3*r + 2. Let m be x(-1). Let o = m - 15. What is the remainder when k(o) is divided by 13?
10
Let n = 145 + 37. Let i = -546 + 1310. Let r = 810 - i. What is the remainder when n is divided by r?
44
Suppose 5790 + 62728 + 16006 = 187*w. What is the remainder when 1375 is divided by w?
19
Let s(d) = -12*d - 93. Let n be s(-7). Let i = n - -166. What is the remainder when i is divided by 41?
34
Let t be ((-927)/(-18))/(5/(-20)). Let s = 210 + t. Suppose -3*d + v + 52 = -73, 5*v = -d + 31. Calculate the remainder when d is divided by s.
1
Suppose 38 = 2*b - 32. Suppose b = 5*w - 65. What is the remainder when 119 is divided by w?
19
Let r = 342 - 287. Suppose -2*z = -5*i - 42 - 72, -z + r = -2*i. Calculate the remainder when z is divided by 21.
5
Let f = -2620 + 2806. Calculate the remainder when 341 is divided by f.
155
Suppose -7*u + 5*u = -74. Let y = -13 + 22. What is the remainder when y is divided by u/5 - (1 - (-9)/(-15))?
2
Suppose -3*h + h - 3*g = -1134, -2264 = -4*h - 5*g. Calculate the remainder when h is divided by 104.
41
Suppose 43*o - 74253 = 7533. What is the remainder when o is divided by 388?
350
Suppose 0 = 5*b - b - 5*z - 335, 4*z = 4*b - 332. Let r = -32 + b. Suppose 2*t = -r + 64. Calculate the remainder when 23 is divided by t.
7
Suppose p = 5*f + 24 - 554, 0 = -f - 4*p + 106. Calculate the remainder when 1693 is divided by f.
103
Suppose -307*p + 303*p = 3*m - 11787, -4*m = -5*p + 14664. What is the remainder when p is divided by 105?
0
Let a be (-74)/(-7) + 16/(-28). Let h be (-7216)/(-40) - (-6)/a. Suppose 5*p + f - h = -2*f, f = -3. What is the remainder when 151 is divided by p?
37
Suppose 7*a - 20 = 2*a. Suppose -a*w + 41 = 13. Suppose 4*x + 3*z - 57 - 2 = 0, 4*z + 46 = 2*x. What is the remainder when x is divided by w?
3
Let f(h) = 83*h - 61. Let m be f(4). Let w be (4 - 0)*914/8. Let p = w - m. What is the remainder when p is divided by 47?
45
Suppose -2*a + 36*j + 134 = 31*j, a - 9*j - 93 = 0. Calculate the remainder when 114 is divided by a.
0
Suppose -208*s + 116 = -202*s - 1714. What is the remainder when 660 is divided by s?
50
Calculate the remainder when (47 + 3)/(-6 + 920/150) is divided by 79.
59
Let w = 1253 + -1235. Let l = -6 + 4. What is the remainder when l*((-6)/(-3) + -46) is divided by w?
16
Let j = -5492 - -6991. Calculate the remainder when j is divided by 498.
5
Let y(w) = -w**3 + 5*w**2 + 5*w + 4. Let f be y(6). Let c(x) = -210*x + 851. Calculate the remainder when ((-30)/(-9))/(f/(-24)) is divided by c(4).
7
Suppose 0 = 7*f - 1021 + 209. Suppose 3*x + 5*h = f, 7*x - 5*h = 6*x + 72. What is the remainder when 163 is divided by x?
22
Suppose -s + 5*l + 3 = 0, 1 = -5*l + 6. Suppose 6*j + 60 = s*j. Suppose 3*n - 118 - 32 = -5*h, h = -4*n + j. Calculate the remainder when 112 is divided by h.
22
Suppose -23*a + 12276 + 3847 = 0. Let u = 712 - a. What is the remainder when 49 is divided by u?
5
Let y(c) = 91*c + 1933. Calculate the remainder when 251 is divided by y(-20).
25
Let p(o) = 7*o**2 + 2*o - 6. Let v be p(-4). Let g = v + -97. Suppose 5*h = -0*l + 5*l - 5, 2*h - 5*l = -8. Calculate the remainder when h is divided by g.
0
Suppose -26*s + 2*d = -22*s - 82542, 3*s - 2*d - 61903 = 0. Calculate the remainder when s is divided by 12.
11
Suppose -336 = -2*t + 3*x - 93, -5*x + 25 = 0. Calculate the remainder when 3737 is divided by t.
125
Let k(y) = -y**3 - 227*y**2 + 81*y - 33491. Suppose 2*x + 2*x - 5*n - 650 = 0, 2*x - 316 = -2*n. What is the remainder when